{"id":347,"date":"2020-03-16T11:03:16","date_gmt":"2020-03-16T14:03:16","guid":{"rendered":"https:\/\/fumocanarinho.com.br\/portal\/?page_id=347"},"modified":"2021-11-05T12:28:06","modified_gmt":"2021-11-05T14:28:06","slug":"contato","status":"publish","type":"page","link":"https:\/\/fumocanarinho.com.br\/portal\/contato\/","title":{"rendered":"Contato"},"content":{"rendered":"\t\t<div data-elementor-type=\"wp-page\" data-elementor-id=\"347\" class=\"elementor elementor-347\" data-elementor-settings=\"[]\">\n\t\t\t\t\t\t<div class=\"elementor-inner\">\n\t\t\t\t\t\t\t<div class=\"elementor-section-wrap\">\n\t\t\t\t\t\t\t<section class=\"elementor-section elementor-top-section elementor-element elementor-element-4b0dcb7 elementor-section-boxed elementor-section-height-default elementor-section-height-default\" data-id=\"4b0dcb7\" data-element_type=\"section\">\n\t\t\t\t\t\t<div class=\"elementor-container elementor-column-gap-default\">\n\t\t\t\t\t\t\t<div class=\"elementor-row\">\n\t\t\t\t\t<div class=\"elementor-column elementor-col-50 elementor-top-column elementor-element elementor-element-3be24cf\" data-id=\"3be24cf\" data-element_type=\"column\">\n\t\t\t<div class=\"elementor-column-wrap elementor-element-populated\">\n\t\t\t\t\t\t\t<div class=\"elementor-widget-wrap\">\n\t\t\t\t\t\t<div class=\"elementor-element elementor-element-56557cc elementor-widget elementor-widget-text-editor\" data-id=\"56557cc\" data-element_type=\"widget\" data-widget_type=\"text-editor.default\">\n\t\t\t\t<div class=\"elementor-widget-container\">\n\t\t\t\t\t\t\t\t<div class=\"elementor-text-editor elementor-clearfix\">\n\t\t\t\t<p>Os produtos Canarinhos est\u00e3o no mercado h\u00e1 mais de 46 anos, oferecendo aos seus clientes o melhor em:&nbsp;<b>Palheiros e Fumos.<\/b><\/p>\t\t\t\t\t<\/div>\n\t\t\t\t\t\t<\/div>\n\t\t\t\t<\/div>\n\t\t\t\t<div class=\"elementor-element elementor-element-436eb36 elementor-icon-list--layout-traditional elementor-list-item-link-full_width elementor-widget elementor-widget-icon-list\" data-id=\"436eb36\" data-element_type=\"widget\" data-widget_type=\"icon-list.default\">\n\t\t\t\t<div class=\"elementor-widget-container\">\n\t\t\t\t\t<ul class=\"elementor-icon-list-items\">\n\t\t\t\t\t\t\t<li class=\"elementor-icon-list-item\">\n\t\t\t\t\t\t\t\t\t\t\t<a href=\"https:\/\/api.whatsapp.com\/send?phone=5534998354282&#038;text=contato%20pelo%20site\" target=\"_blank\">\n\n\t\t\t\t\t\t\t\t\t\t\t\t<span class=\"elementor-icon-list-icon\">\n\t\t\t\t\t\t\t<i aria-hidden=\"true\" class=\"fab fa-whatsapp\"><\/i>\t\t\t\t\t\t<\/span>\n\t\t\t\t\t\t\t\t\t\t<span class=\"elementor-icon-list-text\">(34) 99835 - 4282<\/span>\n\t\t\t\t\t\t\t\t\t\t\t<\/a>\n\t\t\t\t\t\t\t\t\t<\/li>\n\t\t\t\t\t\t\t\t<li class=\"elementor-icon-list-item\">\n\t\t\t\t\t\t\t\t\t\t\t<span class=\"elementor-icon-list-icon\">\n\t\t\t\t\t\t\t<i aria-hidden=\"true\" class=\"fas fa-phone-square-alt\"><\/i>\t\t\t\t\t\t<\/span>\n\t\t\t\t\t\t\t\t\t\t<span class=\"elementor-icon-list-text\">(34) 3235 - 6825<\/span>\n\t\t\t\t\t\t\t\t\t<\/li>\n\t\t\t\t\t\t\t\t<li class=\"elementor-icon-list-item\">\n\t\t\t\t\t\t\t\t\t\t\t<a href=\"mailto:fumocanarinho@hotmail.com\" target=\"_blank\">\n\n\t\t\t\t\t\t\t\t\t\t\t\t<span class=\"elementor-icon-list-icon\">\n\t\t\t\t\t\t\t<i aria-hidden=\"true\" class=\"fas fa-at\"><\/i>\t\t\t\t\t\t<\/span>\n\t\t\t\t\t\t\t\t\t\t<span class=\"elementor-icon-list-text\">fumocanarinho@hotmail.com<\/span>\n\t\t\t\t\t\t\t\t\t\t\t<\/a>\n\t\t\t\t\t\t\t\t\t<\/li>\n\t\t\t\t\t\t\t\t<li class=\"elementor-icon-list-item\">\n\t\t\t\t\t\t\t\t\t\t\t<span class=\"elementor-icon-list-icon\">\n\t\t\t\t\t\t\t<i aria-hidden=\"true\" class=\"fas fa-map-marker-alt\"><\/i>\t\t\t\t\t\t<\/span>\n\t\t\t\t\t\t\t\t\t\t<span class=\"elementor-icon-list-text\">Rua Cear\u00e1, 2250 - Cust\u00f3dio Pereira<br> Uberl\u00e2ndia MG<\/span>\n\t\t\t\t\t\t\t\t\t<\/li>\n\t\t\t\t\t\t<\/ul>\n\t\t\t\t<\/div>\n\t\t\t\t<\/div>\n\t\t\t\t<div class=\"elementor-element elementor-element-28407f4 elementor-widget elementor-widget-image\" data-id=\"28407f4\" data-element_type=\"widget\" data-widget_type=\"image.default\">\n\t\t\t\t<div class=\"elementor-widget-container\">\n\t\t\t\t\t\t\t\t<div class=\"elementor-image\">\n\t\t\t\t\t\t\t\t\t\t\t\t<img src=\"https:\/\/fumocanarinho.com.br\/portal\/wp-content\/uploads\/elementor\/thumbs\/logo-grupo-canarinho-cinza-ommmf4dzim38illm95hqs4eipflzigarwrx9dwc9og.png\" title=\"logo grupo canarinho &#8211; cinza\" alt=\"logo grupo canarinho - cinza\" \/>\t\t\t\t\t\t\t\t\t\t\t\t\t\t<\/div>\n\t\t\t\t\t\t<\/div>\n\t\t\t\t<\/div>\n\t\t\t\t\t\t<\/div>\n\t\t\t\t\t<\/div>\n\t\t<\/div>\n\t\t\t\t<div class=\"elementor-column elementor-col-50 elementor-top-column elementor-element elementor-element-0c77a8f\" data-id=\"0c77a8f\" data-element_type=\"column\">\n\t\t\t<div class=\"elementor-column-wrap\">\n\t\t\t\t\t\t\t<div class=\"elementor-widget-wrap\">\n\t\t\t\t\t\t\t\t<\/div>\n\t\t\t\t\t<\/div>\n\t\t<\/div>\n\t\t\t\t\t\t\t\t<\/div>\n\t\t\t\t\t<\/div>\n\t\t<\/section>\n\t\t\t\t<section class=\"elementor-section elementor-top-section elementor-element elementor-element-3d5d8c0 elementor-section-stretched elementor-section-full_width elementor-section-height-default elementor-section-height-default\" data-id=\"3d5d8c0\" data-element_type=\"section\" data-settings=\"{&quot;stretch_section&quot;:&quot;section-stretched&quot;}\">\n\t\t\t\t\t\t<div class=\"elementor-container elementor-column-gap-default\">\n\t\t\t\t\t\t\t<div class=\"elementor-row\">\n\t\t\t\t\t<div class=\"elementor-column elementor-col-100 elementor-top-column elementor-element elementor-element-ed39fd1\" data-id=\"ed39fd1\" data-element_type=\"column\">\n\t\t\t<div class=\"elementor-column-wrap elementor-element-populated\">\n\t\t\t\t\t\t\t<div class=\"elementor-widget-wrap\">\n\t\t\t\t\t\t<div class=\"elementor-element elementor-element-c8d6003 elementor-widget elementor-widget-shortcode\" data-id=\"c8d6003\" data-element_type=\"widget\" data-widget_type=\"shortcode.default\">\n\t\t\t\t<div class=\"elementor-widget-container\">\n\t\t\t\t\t<div class=\"elementor-shortcode\">\t\t<div data-elementor-type=\"wp-post\" data-elementor-id=\"311\" class=\"elementor elementor-311\" data-elementor-settings=\"[]\">\n\t\t\t\t\t\t<div class=\"elementor-inner\">\n\t\t\t\t\t\t\t<div class=\"elementor-section-wrap\">\n\t\t\t\t\t\t\t<section class=\"elementor-section elementor-top-section elementor-element elementor-element-88c6118 elementor-section-boxed elementor-section-height-default elementor-section-height-default\" data-id=\"88c6118\" data-element_type=\"section\">\n\t\t\t\t\t\t<div class=\"elementor-container elementor-column-gap-default\">\n\t\t\t\t\t\t\t<div class=\"elementor-row\">\n\t\t\t\t\t<div class=\"elementor-column elementor-col-100 elementor-top-column elementor-element elementor-element-9ceb25d\" data-id=\"9ceb25d\" data-element_type=\"column\">\n\t\t\t<div class=\"elementor-column-wrap elementor-element-populated\">\n\t\t\t\t\t\t\t<div class=\"elementor-widget-wrap\">\n\t\t\t\t\t\t<div class=\"elementor-element elementor-element-f0e06fc elementor-widget elementor-widget-heading\" data-id=\"f0e06fc\" data-element_type=\"widget\" data-widget_type=\"heading.default\">\n\t\t\t\t<div class=\"elementor-widget-container\">\n\t\t\t<h2 class=\"elementor-heading-title elementor-size-default\">CONHE\u00c7A OUTROS PALHEIROS<\/h2>\t\t<\/div>\n\t\t\t\t<\/div>\n\t\t\t\t\t\t<\/div>\n\t\t\t\t\t<\/div>\n\t\t<\/div>\n\t\t\t\t\t\t\t\t<\/div>\n\t\t\t\t\t<\/div>\n\t\t<\/section>\n\t\t\t\t<section class=\"elementor-section elementor-top-section elementor-element elementor-element-d55c9e9 elementor-section-stretched elementor-section-full_width elementor-section-height-default elementor-section-height-default\" data-id=\"d55c9e9\" data-element_type=\"section\" data-settings=\"{&quot;stretch_section&quot;:&quot;section-stretched&quot;}\">\n\t\t\t\t\t\t<div class=\"elementor-container elementor-column-gap-default\">\n\t\t\t\t\t\t\t<div class=\"elementor-row\">\n\t\t\t\t\t<div class=\"elementor-column elementor-col-11 elementor-top-column elementor-element elementor-element-903e2d3\" data-id=\"903e2d3\" data-element_type=\"column\">\n\t\t\t<div class=\"elementor-column-wrap elementor-element-populated\">\n\t\t\t\t\t\t\t<div class=\"elementor-widget-wrap\">\n\t\t\t\t\t\t<div class=\"elementor-element elementor-element-6a23065 elementor-widget elementor-widget-premium-addon-banner\" data-id=\"6a23065\" data-element_type=\"widget\" data-widget_type=\"premium-addon-banner.default\">\n\t\t\t\t<div class=\"elementor-widget-container\">\n\t\t\t            <div id=\"premium-banner-6a23065\" class=\"premium-banner\">\r\n\t\t\t\t<div class=\"premium-banner-ib premium-banner-animation2 scale premium-banner-min-height\">\r\n\t\t\t\t\t                        <img width=\"601\" height=\"423\" src=\"https:\/\/fumocanarinho.com.br\/portal\/wp-content\/uploads\/2020\/03\/logo-palheiros-canarinho-2.png\" class=\"attachment-full size-full\" alt=\"\" loading=\"lazy\" srcset=\"https:\/\/fumocanarinho.com.br\/portal\/wp-content\/uploads\/2020\/03\/logo-palheiros-canarinho-2.png 601w, https:\/\/fumocanarinho.com.br\/portal\/wp-content\/uploads\/2020\/03\/logo-palheiros-canarinho-2-300x211.png 300w\" sizes=\"(max-width: 601px) 100vw, 601px\" \/>\t\t\t\t\t<div class=\"premium-banner-ib-desc\">\r\n\t\t\t\t\t\t<div class=\"premium-banner-title-wrap\"><h3 class=\"premium-banner-ib-title premium_banner_title\"><\/h3><\/div>\t\t\t\t\t<\/div>\r\n\t\t\t\t\t<a class=\"premium-banner-ib-link\" href=\"https:\/\/fumocanarinho.com.br\/portal\/palheiros-canarinho\/\" title=\"\"><\/a>\t\t\t\t<\/div>\r\n                \t\t\t<\/div>\r\n\t\t\t\t<\/div>\n\t\t\t\t<\/div>\n\t\t\t\t\t\t<\/div>\n\t\t\t\t\t<\/div>\n\t\t<\/div>\n\t\t\t\t<div class=\"elementor-column elementor-col-11 elementor-top-column elementor-element elementor-element-9598bad\" data-id=\"9598bad\" data-element_type=\"column\">\n\t\t\t<div class=\"elementor-column-wrap elementor-element-populated\">\n\t\t\t\t\t\t\t<div class=\"elementor-widget-wrap\">\n\t\t\t\t\t\t<div class=\"elementor-element elementor-element-2cae31a elementor-widget elementor-widget-premium-addon-banner\" data-id=\"2cae31a\" data-element_type=\"widget\" data-widget_type=\"premium-addon-banner.default\">\n\t\t\t\t<div class=\"elementor-widget-container\">\n\t\t\t            <div id=\"premium-banner-2cae31a\" class=\"premium-banner\">\r\n\t\t\t\t<div class=\"premium-banner-ib premium-banner-animation2 scale premium-banner-min-height\">\r\n\t\t\t\t\t                        <img width=\"601\" height=\"423\" src=\"https:\/\/fumocanarinho.com.br\/portal\/wp-content\/uploads\/2020\/03\/logo-L7-2.png\" class=\"attachment-full size-full\" alt=\"\" loading=\"lazy\" srcset=\"https:\/\/fumocanarinho.com.br\/portal\/wp-content\/uploads\/2020\/03\/logo-L7-2.png 601w, https:\/\/fumocanarinho.com.br\/portal\/wp-content\/uploads\/2020\/03\/logo-L7-2-300x211.png 300w\" sizes=\"(max-width: 601px) 100vw, 601px\" \/>\t\t\t\t\t<div class=\"premium-banner-ib-desc\">\r\n\t\t\t\t\t\t<div class=\"premium-banner-title-wrap\"><h3 class=\"premium-banner-ib-title premium_banner_title\"><\/h3><\/div>\t\t\t\t\t<\/div>\r\n\t\t\t\t\t<a class=\"premium-banner-ib-link\" href=\"https:\/\/fumocanarinho.com.br\/portal\/l7\/\" title=\"\"><\/a>\t\t\t\t<\/div>\r\n                \t\t\t<\/div>\r\n\t\t\t\t<\/div>\n\t\t\t\t<\/div>\n\t\t\t\t\t\t<\/div>\n\t\t\t\t\t<\/div>\n\t\t<\/div>\n\t\t\t\t<div class=\"elementor-column elementor-col-11 elementor-top-column elementor-element elementor-element-403df5f\" data-id=\"403df5f\" data-element_type=\"column\">\n\t\t\t<div class=\"elementor-column-wrap elementor-element-populated\">\n\t\t\t\t\t\t\t<div class=\"elementor-widget-wrap\">\n\t\t\t\t\t\t<div class=\"elementor-element elementor-element-ee055f0 elementor-widget elementor-widget-premium-addon-banner\" data-id=\"ee055f0\" data-element_type=\"widget\" data-widget_type=\"premium-addon-banner.default\">\n\t\t\t\t<div class=\"elementor-widget-container\">\n\t\t\t            <div id=\"premium-banner-ee055f0\" class=\"premium-banner\">\r\n\t\t\t\t<div class=\"premium-banner-ib premium-banner-animation2 scale premium-banner-min-height\">\r\n\t\t\t\t\t                        <img width=\"601\" height=\"423\" src=\"https:\/\/fumocanarinho.com.br\/portal\/wp-content\/uploads\/2020\/03\/logo-minerinho-2.png\" class=\"attachment-full size-full\" alt=\"\" loading=\"lazy\" srcset=\"https:\/\/fumocanarinho.com.br\/portal\/wp-content\/uploads\/2020\/03\/logo-minerinho-2.png 601w, https:\/\/fumocanarinho.com.br\/portal\/wp-content\/uploads\/2020\/03\/logo-minerinho-2-300x211.png 300w\" sizes=\"(max-width: 601px) 100vw, 601px\" \/>\t\t\t\t\t<div class=\"premium-banner-ib-desc\">\r\n\t\t\t\t\t\t<div class=\"premium-banner-title-wrap\"><h3 class=\"premium-banner-ib-title premium_banner_title\"><\/h3><\/div>\t\t\t\t\t<\/div>\r\n\t\t\t\t\t<a class=\"premium-banner-ib-link\" href=\"https:\/\/fumocanarinho.com.br\/portal\/minerinho\/\" title=\"\"><\/a>\t\t\t\t<\/div>\r\n                \t\t\t<\/div>\r\n\t\t\t\t<\/div>\n\t\t\t\t<\/div>\n\t\t\t\t\t\t<\/div>\n\t\t\t\t\t<\/div>\n\t\t<\/div>\n\t\t\t\t<div class=\"elementor-column elementor-col-11 elementor-top-column elementor-element elementor-element-c8773d3\" data-id=\"c8773d3\" data-element_type=\"column\">\n\t\t\t<div class=\"elementor-column-wrap elementor-element-populated\">\n\t\t\t\t\t\t\t<div class=\"elementor-widget-wrap\">\n\t\t\t\t\t\t<div class=\"elementor-element elementor-element-622219b elementor-widget elementor-widget-premium-addon-banner\" data-id=\"622219b\" data-element_type=\"widget\" data-widget_type=\"premium-addon-banner.default\">\n\t\t\t\t<div class=\"elementor-widget-container\">\n\t\t\t            <div id=\"premium-banner-622219b\" class=\"premium-banner\">\r\n\t\t\t\t<div class=\"premium-banner-ib premium-banner-animation2 scale premium-banner-min-height\">\r\n\t\t\t\t\t                        <img width=\"601\" height=\"423\" src=\"https:\/\/fumocanarinho.com.br\/portal\/wp-content\/uploads\/2020\/03\/logo-LA-2.png\" class=\"attachment-full size-full\" alt=\"\" loading=\"lazy\" srcset=\"https:\/\/fumocanarinho.com.br\/portal\/wp-content\/uploads\/2020\/03\/logo-LA-2.png 601w, https:\/\/fumocanarinho.com.br\/portal\/wp-content\/uploads\/2020\/03\/logo-LA-2-300x211.png 300w\" sizes=\"(max-width: 601px) 100vw, 601px\" \/>\t\t\t\t\t<div class=\"premium-banner-ib-desc\">\r\n\t\t\t\t\t\t<div class=\"premium-banner-title-wrap\"><h3 class=\"premium-banner-ib-title premium_banner_title\"><\/h3><\/div>\t\t\t\t\t<\/div>\r\n\t\t\t\t\t<a class=\"premium-banner-ib-link\" href=\"https:\/\/fumocanarinho.com.br\/portal\/la\/\" title=\"\"><\/a>\t\t\t\t<\/div>\r\n                \t\t\t<\/div>\r\n\t\t\t\t<\/div>\n\t\t\t\t<\/div>\n\t\t\t\t\t\t<\/div>\n\t\t\t\t\t<\/div>\n\t\t<\/div>\n\t\t\t\t<div class=\"elementor-column elementor-col-11 elementor-top-column elementor-element elementor-element-7905dfa\" data-id=\"7905dfa\" data-element_type=\"column\">\n\t\t\t<div class=\"elementor-column-wrap elementor-element-populated\">\n\t\t\t\t\t\t\t<div class=\"elementor-widget-wrap\">\n\t\t\t\t\t\t<div class=\"elementor-element elementor-element-2cb7826 elementor-widget elementor-widget-premium-addon-banner\" data-id=\"2cb7826\" data-element_type=\"widget\" data-widget_type=\"premium-addon-banner.default\">\n\t\t\t\t<div class=\"elementor-widget-container\">\n\t\t\t            <div id=\"premium-banner-2cb7826\" class=\"premium-banner\">\r\n\t\t\t\t<div class=\"premium-banner-ib premium-banner-animation2 scale premium-banner-min-height\">\r\n\t\t\t\t\t                        <img width=\"601\" height=\"423\" src=\"https:\/\/fumocanarinho.com.br\/portal\/wp-content\/uploads\/2020\/03\/logo-paulista-2.png\" class=\"attachment-full size-full\" alt=\"\" loading=\"lazy\" srcset=\"https:\/\/fumocanarinho.com.br\/portal\/wp-content\/uploads\/2020\/03\/logo-paulista-2.png 601w, https:\/\/fumocanarinho.com.br\/portal\/wp-content\/uploads\/2020\/03\/logo-paulista-2-300x211.png 300w\" sizes=\"(max-width: 601px) 100vw, 601px\" \/>\t\t\t\t\t<div class=\"premium-banner-ib-desc\">\r\n\t\t\t\t\t\t<div class=\"premium-banner-title-wrap\"><h3 class=\"premium-banner-ib-title premium_banner_title\"><\/h3><\/div>\t\t\t\t\t<\/div>\r\n\t\t\t\t\t<a class=\"premium-banner-ib-link\" href=\"https:\/\/fumocanarinho.com.br\/portal\/palheiros-paulista\/\" title=\"\"><\/a>\t\t\t\t<\/div>\r\n                \t\t\t<\/div>\r\n\t\t\t\t<\/div>\n\t\t\t\t<\/div>\n\t\t\t\t\t\t<\/div>\n\t\t\t\t\t<\/div>\n\t\t<\/div>\n\t\t\t\t<div class=\"elementor-column elementor-col-11 elementor-top-column elementor-element elementor-element-d04a92e\" data-id=\"d04a92e\" data-element_type=\"column\">\n\t\t\t<div class=\"elementor-column-wrap elementor-element-populated\">\n\t\t\t\t\t\t\t<div class=\"elementor-widget-wrap\">\n\t\t\t\t\t\t<div class=\"elementor-element elementor-element-1aa4fe9 elementor-widget elementor-widget-premium-addon-banner\" data-id=\"1aa4fe9\" data-element_type=\"widget\" data-widget_type=\"premium-addon-banner.default\">\n\t\t\t\t<div class=\"elementor-widget-container\">\n\t\t\t            <div id=\"premium-banner-1aa4fe9\" class=\"premium-banner\">\r\n\t\t\t\t<div class=\"premium-banner-ib premium-banner-animation2 scale premium-banner-min-height\">\r\n\t\t\t\t\t                        <img width=\"601\" height=\"423\" src=\"https:\/\/fumocanarinho.com.br\/portal\/wp-content\/uploads\/2020\/03\/logo-extra-bom-2.png\" class=\"attachment-full size-full\" alt=\"\" loading=\"lazy\" srcset=\"https:\/\/fumocanarinho.com.br\/portal\/wp-content\/uploads\/2020\/03\/logo-extra-bom-2.png 601w, https:\/\/fumocanarinho.com.br\/portal\/wp-content\/uploads\/2020\/03\/logo-extra-bom-2-300x211.png 300w\" sizes=\"(max-width: 601px) 100vw, 601px\" \/>\t\t\t\t\t<div class=\"premium-banner-ib-desc\">\r\n\t\t\t\t\t\t<div class=\"premium-banner-title-wrap\"><h3 class=\"premium-banner-ib-title premium_banner_title\"><\/h3><\/div>\t\t\t\t\t<\/div>\r\n\t\t\t\t\t<a class=\"premium-banner-ib-link\" href=\"https:\/\/fumocanarinho.com.br\/portal\/extra-bom\/\" title=\"\"><\/a>\t\t\t\t<\/div>\r\n                \t\t\t<\/div>\r\n\t\t\t\t<\/div>\n\t\t\t\t<\/div>\n\t\t\t\t\t\t<\/div>\n\t\t\t\t\t<\/div>\n\t\t<\/div>\n\t\t\t\t<div class=\"elementor-column elementor-col-11 elementor-top-column elementor-element elementor-element-cd84f3a\" data-id=\"cd84f3a\" data-element_type=\"column\">\n\t\t\t<div class=\"elementor-column-wrap elementor-element-populated\">\n\t\t\t\t\t\t\t<div class=\"elementor-widget-wrap\">\n\t\t\t\t\t\t<div class=\"elementor-element elementor-element-f8fce3d elementor-widget elementor-widget-premium-addon-banner\" data-id=\"f8fce3d\" data-element_type=\"widget\" data-widget_type=\"premium-addon-banner.default\">\n\t\t\t\t<div class=\"elementor-widget-container\">\n\t\t\t            <div id=\"premium-banner-f8fce3d\" class=\"premium-banner\">\r\n\t\t\t\t<div class=\"premium-banner-ib premium-banner-animation2 scale premium-banner-min-height\">\r\n\t\t\t\t\t                        <img width=\"601\" height=\"423\" src=\"https:\/\/fumocanarinho.com.br\/portal\/wp-content\/uploads\/2020\/05\/sol-paiol.png\" class=\"attachment-full size-full\" alt=\"\" loading=\"lazy\" srcset=\"https:\/\/fumocanarinho.com.br\/portal\/wp-content\/uploads\/2020\/05\/sol-paiol.png 601w, https:\/\/fumocanarinho.com.br\/portal\/wp-content\/uploads\/2020\/05\/sol-paiol-300x211.png 300w\" sizes=\"(max-width: 601px) 100vw, 601px\" \/>\t\t\t\t\t<div class=\"premium-banner-ib-desc\">\r\n\t\t\t\t\t\t<div class=\"premium-banner-title-wrap\"><h3 class=\"premium-banner-ib-title premium_banner_title\"><\/h3><\/div>\t\t\t\t\t<\/div>\r\n\t\t\t\t\t<a class=\"premium-banner-ib-link\" href=\"https:\/\/fumocanarinho.com.br\/portal\/palheiros-paulista\/\" title=\"\"><\/a>\t\t\t\t<\/div>\r\n                \t\t\t<\/div>\r\n\t\t\t\t<\/div>\n\t\t\t\t<\/div>\n\t\t\t\t\t\t<\/div>\n\t\t\t\t\t<\/div>\n\t\t<\/div>\n\t\t\t\t<div class=\"elementor-column elementor-col-11 elementor-top-column elementor-element elementor-element-0677382\" data-id=\"0677382\" data-element_type=\"column\">\n\t\t\t<div class=\"elementor-column-wrap elementor-element-populated\">\n\t\t\t\t\t\t\t<div class=\"elementor-widget-wrap\">\n\t\t\t\t\t\t<div class=\"elementor-element elementor-element-c0e1f7d elementor-widget elementor-widget-premium-addon-banner\" data-id=\"c0e1f7d\" data-element_type=\"widget\" data-widget_type=\"premium-addon-banner.default\">\n\t\t\t\t<div class=\"elementor-widget-container\">\n\t\t\t            <div id=\"premium-banner-c0e1f7d\" class=\"premium-banner\">\r\n\t\t\t\t<div class=\"premium-banner-ib premium-banner-animation2 scale premium-banner-min-height\">\r\n\t\t\t\t\t                        <img width=\"601\" height=\"423\" src=\"https:\/\/fumocanarinho.com.br\/portal\/wp-content\/uploads\/2020\/05\/logo-texas-2.png\" class=\"attachment-full size-full\" alt=\"\" loading=\"lazy\" srcset=\"https:\/\/fumocanarinho.com.br\/portal\/wp-content\/uploads\/2020\/05\/logo-texas-2.png 601w, https:\/\/fumocanarinho.com.br\/portal\/wp-content\/uploads\/2020\/05\/logo-texas-2-300x211.png 300w\" sizes=\"(max-width: 601px) 100vw, 601px\" \/>\t\t\t\t\t<div class=\"premium-banner-ib-desc\">\r\n\t\t\t\t\t\t<div class=\"premium-banner-title-wrap\"><h3 class=\"premium-banner-ib-title premium_banner_title\"><\/h3><\/div>\t\t\t\t\t<\/div>\r\n\t\t\t\t\t<a class=\"premium-banner-ib-link\" href=\"https:\/\/fumocanarinho.com.br\/portal\/extra-bom\/\" title=\"\"><\/a>\t\t\t\t<\/div>\r\n                \t\t\t<\/div>\r\n\t\t\t\t<\/div>\n\t\t\t\t<\/div>\n\t\t\t\t\t\t<\/div>\n\t\t\t\t\t<\/div>\n\t\t<\/div>\n\t\t\t\t<div class=\"elementor-column elementor-col-11 elementor-top-column elementor-element elementor-element-7af0b14\" data-id=\"7af0b14\" data-element_type=\"column\" data-settings=\"{&quot;background_background&quot;:&quot;classic&quot;}\">\n\t\t\t<div class=\"elementor-column-wrap elementor-element-populated\">\n\t\t\t\t\t\t\t<div class=\"elementor-widget-wrap\">\n\t\t\t\t\t\t<div class=\"elementor-element elementor-element-6585f9d elementor-widget elementor-widget-premium-addon-banner\" data-id=\"6585f9d\" data-element_type=\"widget\" data-widget_type=\"premium-addon-banner.default\">\n\t\t\t\t<div class=\"elementor-widget-container\">\n\t\t\t            <div id=\"premium-banner-6585f9d\" class=\"premium-banner\">\r\n\t\t\t\t<div class=\"premium-banner-ib premium-banner-animation2 scale premium-banner-min-height\">\r\n\t\t\t\t\t                        <img width=\"601\" height=\"423\" src=\"https:\/\/fumocanarinho.com.br\/portal\/wp-content\/uploads\/2020\/06\/energy-caps-1.jpg\" class=\"attachment-full size-full\" alt=\"\" loading=\"lazy\" srcset=\"https:\/\/fumocanarinho.com.br\/portal\/wp-content\/uploads\/2020\/06\/energy-caps-1.jpg 601w, https:\/\/fumocanarinho.com.br\/portal\/wp-content\/uploads\/2020\/06\/energy-caps-1-300x211.jpg 300w\" sizes=\"(max-width: 601px) 100vw, 601px\" \/>\t\t\t\t\t<div class=\"premium-banner-ib-desc\">\r\n\t\t\t\t\t\t<div class=\"premium-banner-title-wrap\"><h3 class=\"premium-banner-ib-title premium_banner_title\"><\/h3><\/div>\t\t\t\t\t<\/div>\r\n\t\t\t\t\t<a class=\"premium-banner-ib-link\" href=\"https:\/\/fumocanarinho.com.br\/portal\/energy-caps\/\" title=\"\"><\/a>\t\t\t\t<\/div>\r\n                \t\t\t<\/div>\r\n\t\t\t\t<\/div>\n\t\t\t\t<\/div>\n\t\t\t\t\t\t<\/div>\n\t\t\t\t\t<\/div>\n\t\t<\/div>\n\t\t\t\t\t\t\t\t<\/div>\n\t\t\t\t\t<\/div>\n\t\t<\/section>\n\t\t\t\t\t\t<\/div>\n\t\t\t\t\t\t<\/div>\n\t\t\t\t\t<\/div>\n\t\t<\/div>\n\t\t\t\t<\/div>\n\t\t\t\t<\/div>\n\t\t\t\t\t\t<\/div>\n\t\t\t\t\t<\/div>\n\t\t<\/div>\n\t\t\t\t\t\t\t\t<\/div>\n\t\t\t\t\t<\/div>\n\t\t<\/section>\n\t\t\t\t\t\t<\/div>\n\t\t\t\t\t\t<\/div>\n\t\t\t\t\t<\/div>\n\t\t","protected":false},"excerpt":{"rendered":"<p>Os produtos Canarinhos est\u00e3o no mercado h\u00e1 mais de 46 anos, oferecendo aos seus clientes o melhor em:&nbsp;Palheiros e Fumos. (34) 99835 &#8211; 4282 (34) 3235 &#8211; 6825 fumocanarinho@hotmail.com Rua Cear\u00e1, 2250 &#8211; Cust\u00f3dio Pereira Uberl\u00e2ndia MG<\/p>\n","protected":false},"author":1,"featured_media":0,"parent":0,"menu_order":0,"comment_status":"closed","ping_status":"closed","template":"","meta":[],"_links":{"self":[{"href":"https:\/\/fumocanarinho.com.br\/portal\/wp-json\/wp\/v2\/pages\/347"}],"collection":[{"href":"https:\/\/fumocanarinho.com.br\/portal\/wp-json\/wp\/v2\/pages"}],"about":[{"href":"https:\/\/fumocanarinho.com.br\/portal\/wp-json\/wp\/v2\/types\/page"}],"author":[{"embeddable":true,"href":"https:\/\/fumocanarinho.com.br\/portal\/wp-json\/wp\/v2\/users\/1"}],"replies":[{"embeddable":true,"href":"https:\/\/fumocanarinho.com.br\/portal\/wp-json\/wp\/v2\/comments?post=347"}],"version-history":[{"count":21,"href":"https:\/\/fumocanarinho.com.br\/portal\/wp-json\/wp\/v2\/pages\/347\/revisions"}],"predecessor-version":[{"id":770,"href":"https:\/\/fumocanarinho.com.br\/portal\/wp-json\/wp\/v2\/pages\/347\/revisions\/770"}],"wp:attachment":[{"href":"https:\/\/fumocanarinho.com.br\/portal\/wp-json\/wp\/v2\/media?parent=347"}],"curies":[{"name":"wp","href":"https:\/\/api.w.org\/{rel}","templated":true}]}}